5*u = -5*v + 80, v + 2*u - 4 = 4*u. Suppose -3*j + 0*j - p + 36 = 0, -5*p = -j + v. Suppose 158 = j*t - 10*t. Is t composite?
False
Let m be ((-2)/3)/((-10)/(-900)). Is -3 + (3 + -7 - m) prime?
True
Let l = 3522 + -1255. Is l prime?
True
Let d(y) = -y - 30. Let x be d(0). Let u be ((-2)/(-3))/((-4)/x). Is ((-2)/(-4))/(u/3710) a prime number?
False
Let f(v) = 25*v**2 + 3*v + 3. Let w be f(-2). Let p = 26 - w. Let d = p - -258. Is d composite?
True
Let l(j) = -427*j + 235. Is l(-6) composite?
False
Suppose 0 = 37*v - 46661 - 123354. Is v a prime number?
False
Suppose 0 = 4*w - 16, -5*z + 3*w = -2*w + 35. Let k(b) be the first derivative of 2*b**3 + b**2/2 + 22. Is k(z) a prime number?
False
Let b(r) = -13*r**3 - r**2 + 2*r + 2. Let u be b(-1). Let k(l) = -l**3 + 12*l**2 + 10*l + 7. Is k(u) prime?
True
Let y be 79/8 - (-5)/40. Let i be 396/30*y/(-3). Let m = 101 + i. Is m a composite number?
True
Let l = -10 + 14. Suppose 5 = -3*i + 5*o, -i - 2*o = -4*o + 2. Suppose -288 = -4*z + w, l*z = 2*w - i*w + 292. Is z a composite number?
False
Let u(n) = n + 5. Let v be u(0). Suppose 0*s + s - 2*o - 907 = 0, -4565 = -5*s - v*o. Suppose 328 = 3*y - s. Is y a composite number?
True
Suppose 5*f = 5*g - 55, g + 3*f = -2*g + 21. Let q = g + -2. Is (-2)/7 + 2319/q prime?
True
Suppose -5*m = -3*v + 22, 0 = -v + 2*m + 10 - 2. Suppose -2*x + 700 + 1206 = -3*q, -2*x = v*q - 1906. Is x a composite number?
False
Suppose -2*u + 5 - 9 = -5*m, 10 = -2*m - 5*u. Is (-108)/(-252) + m + 22894/7 composite?
False
Let k(v) = -11*v - 1. Let j be k(-1). Let o(f) = -3*f + 16. Let m be o(j). Let g(z) = z**3 + 21*z**2 + 12*z - 11. Is g(m) a composite number?
False
Is 14/10 + -1 + 558932/20 a composite number?
False
Let a be (8 + -6 + 3)/(1/5). Let r(k) = -k**3 + 24*k**2 + 32*k + 12. Is r(a) a prime number?
False
Is (-1397 - 2)*1/(-3)*3 a composite number?
False
Let z(u) = 71*u + 5. Let a be z(4). Let s = a + -98. Is s a composite number?
False
Suppose -3801 = -2*d + r, -d + 5*d - 5*r - 7617 = 0. Suppose -k + d = 5*b, -5*b + 5*k + 1501 = -b. Is b a composite number?
False
Let s(h) = 315*h**2 + 4*h + 13. Let c be s(-4). Suppose -5*o + 4*o - 4*f + 1233 = 0, 4*o - 5*f - c = 0. Is o prime?
False
Let u(q) = 354*q - 85. Is u(18) a composite number?
False
Let c(x) = 58*x + 3. Let k(s) = s**3 + 6*s**2 - 7. Let j be k(-6). Let y = -3 - j. Is c(y) a prime number?
False
Suppose -4*i = -2 - 22. Suppose i*q - 8265 = q - 5*z, 0 = 4*z - 20. Suppose v = -0 - 1, -4*s = 4*v - q. Is s a prime number?
False
Suppose 0 = -3*g - 2 + 17. Suppose g*p - 5*o + 25 = 0, 0 = -p - 3*o + 1 + 2. Is p/2*1270/(-15) prime?
True
Let j be (18 - 8)*934/4. Suppose -11*r = -j + 234. Is r a composite number?
False
Let f = -10075 - -22884. Is f a composite number?
False
Suppose 4*t - 6 = 6. Suppose 4*u - 53 = -t*o, 5*o - 3*u + 25 - 123 = 0. Suppose 5*z + 4*r - 95 = 0, 3*z - 4*r - o = 2*z. Is z a composite number?
False
Let v(m) = -29*m**3 + m**2 + 4. Let p(t) = 88*t**3 - 3*t**2 - 12. Let y(b) = -3*p(b) - 8*v(b). Is y(-3) a composite number?
False
Let h = -84 + -97. Let v = 112 - h. Is v a composite number?
False
Suppose 0*k = 4*k + 8. Let a be 408/(-42) + k/7. Is a/35 + (-3019)/(-7) a composite number?
False
Let f(j) = j**3 + 17*j**2 + 2*j + 5. Suppose u = 7 - 2. Suppose 6 = u*h + 71. Is f(h) prime?
False
Let o(d) = -538*d + 195. Is o(-8) a prime number?
False
Suppose -30*g + 806020 - 35230 = 0. Is g composite?
False
Let f be (-2)/(3 - 231/75). Suppose -2*b + f = k, 3*b - 18 - 2 = 2*k. Suppose 2*t - 5*o - 498 = -b*o, o - 514 = -2*t. Is t prime?
False
Suppose 40 = 20*f - 12*f. Suppose 3*w - 1005 = -f*m, 0 = -4*m + 3*w + w + 804. Is m a prime number?
False
Let h = 21 - 23. Let w be 60 + h + (-18)/(-6). Let a = 202 - w. Is a prime?
False
Let y = -7 + 8. Suppose 1 = 4*v - 2*g - y, 2 = -2*g. Suppose 2*h - 3*h + 143 = v. Is h composite?
True
Suppose -4*i + 12 = -4. Suppose j + 615 = 2*r, 0 = -r - r - i*j + 610. Is r a composite number?
False
Let a(l) = l**2 + 10*l + 4. Let t be a(-10). Suppose -z = -4*k + 5636, t*z - 2980 = -4*k + 2656. Is k composite?
False
Let q(x) = 13884*x**2 + 159*x + 2. Is q(-3) composite?
True
Suppose -2*q - 1281 = -5*k + 3976, -5281 = -5*k - 4*q. Let h = k - -2242. Is h composite?
True
Let k = 385 + 5521. Is k a composite number?
True
Suppose 0*q + 228 = 5*y + 3*q, 0 = 3*y - 4*q - 131. Let g be y/(-6)*(-4)/(-3). Is 12/g*(-220)/8 a composite number?
True
Let k = -679 + 1906. Let z = k + -592. Is z a composite number?
True
Let i be 1/3 + (-7)/3. Let v be (2/(-6))/((-14)/(-168)). Is i*((-709)/2 - v) a composite number?
False
Let u = 1687 + -326. Is u a composite number?
False
Is (76/114)/((-2)/(-477)) a prime number?
False
Suppose k - 130 = 4*p + 112, 3*k - 676 = 2*p. Suppose -3*x + 5*x - 163 = 3*l, 3*x = -3*l + k. Is x a composite number?
True
Suppose -25868 = -4*s - 40*q + 35*q, -4*q = -4*s + 25868. Is s composite?
True
Suppose 6*r = 15*r - 711. Is r a composite number?
False
Suppose 4*m - 10 - 2 = 0. Suppose 0 = -m*c + 2*q + 874 + 418, -q - 1721 = -4*c. Suppose u - 133 = c. Is u composite?
False
Let l = -562 + 17433. Is l a composite number?
False
Let k be 4801/3 + (-5)/((-30)/4). Let u = -324 + k. Is u a composite number?
False
Let n be 6/24 - 25190/(-8). Suppose -3*a + n = -4*o, 0 = o - 0*o + 2*a + 779. Let r = 1122 + o. Is r composite?
False
Suppose 0 = 2*y - 3*y. Let g(m) = m**3 + m**2 + m - 2. Let f be g(y). Let u = f + 12. Is u prime?
False
Is -1 + (-2306)/(-12) - (-13)/(-78) prime?
True
Suppose k - 30 = 6*k. Let a(d) = 5*d**2 + 8*d + 5. Let y be a(k). Let x = y - 75. Is x a prime number?
False
Let s = 46 - -5. Let c = s - 98. Let j = c - -206. Is j prime?
False
Let k(d) = d**3 - 6*d**2 + d - 5. Let v be k(6). Is (-3189)/2*-2*v prime?
False
Let b = -22 + -55. Let p = b - -516. Is p prime?
True
Let n be (-480)/(-22) - 2/(-11). Is (-4)/n + 1293/33 composite?
True
Suppose -566 = 4*d + 2*l - 2784, 5*l = -4*d + 2203. Is d a composite number?
False
Let x = 18909 - 2668. Is x a prime number?
False
Let f(b) be the first derivative of 14*b**3/3 + 3*b**2/2 + 8*b - 9. Is f(5) a composite number?
False
Suppose -2*o - 10 = -0*o. Let z(l) = l + 9. Let b be z(o). Suppose 2*h = b*j + 294, 0*j = j + 4. Is h composite?
False
Is -231195*4/(-24)*(-4)/(-2) a prime number?
False
Suppose -2*m + 4*s + 8 = 2*m, -2*s - 13 = -5*m. Let y(p) = -56*p + 3. Let c(u) = -113*u + 5. Let r(g) = 4*c(g) - 9*y(g). Is r(m) composite?
False
Suppose -3 = -2*t - 5. Is 117 - (t - 6/(-2)) a prime number?
False
Let u(b) be the first derivative of -b**3/3 + 4*b**2 - 15*b + 1. Let i be u(9). Is 347 - 2 - i/(-6) composite?
True
Let f(m) = 678*m - 2. Let t be f(2). Let d = t + -966. Suppose 2*g = 4*g - d. Is g a prime number?
False
Let p be (-1)/(-2)*12 + -3. Suppose -5*g - 23 = 4*y, 4*g + 1 = p*g + y. Let v(d) = 20*d**2 - 2. Is v(g) composite?
True
Let d be (-1 - (1 + 0))/(3/(-765)). Suppose -1587 = -9*y + d. Is y composite?
False
Suppose -3*d = 2*i - 61840 + 3495, 0 = -4*d + 4*i + 77760. Is d composite?
True
Suppose j = 2*o + 3, -4*j - 3*o + 21 = -2*o. Suppose -y - 20 = -j*y. Suppose -4*h = -3*t + y*t - 526, -2*t + 2*h = -514. Is t composite?
True
Suppose 2*h + 10 = 28. Suppose 0*i - 1425 = -3*i - 3*l, 3*l = -h. Is i a prime number?
False
Suppose -155 - 475 = 5*h. Let d = h - -507. Is d prime?
False
Let u = 18 - -26. Suppose -x + 119 + u = 0. Is x prime?
True
Is (-186)/30 + 7 + (-74241)/(-5) a prime number?
False
Suppose 10*d - 19475 = -4*x + 7*d, x - 2*d = 4877. Is x a composite number?
False
Let t be (2 + -3)/(1/(-2)). Suppose -3*o - 5*w = -7971, -t*o + 3*w = -2*w - 5314. Is o prime?
True
Suppose 0 = -13*u - 6480 + 22249. Is u a composite number?
False
Let j be 4/(-5) + 24/5. Suppose -4*r + k + 13 = 0, -j = 3*k + k. Suppose 5*s = r*s + 38. Is s a composite number?
False
Suppose 4*a + 2*l = -28, 3*a + 3*l = 4*a. Is 3/1*(-194)/a prime?
True
Suppose 4*h + 3 = 3*h, -3*h - 42 = 3*m. Let k be 3110/6 + m/33. Suppose -k = -5*t + 477. Is t composite?
False
Let h(v) = -6*v**3 + 4*v**2 + 34*v + 53. Is h(-12) prime?
True
Let b(v) = 39*v + 15. Let g be b(4). Let h = 298 - g. Suppose p - 127 = u, 3*p - 5*u = 4*p - h. Is p a composite number?
False
Suppose 325235 = 16*x + 13*x. Is x composite?
True
Let t be -2 + (-1202)/(-1) - 1. Suppose -3*c = z - 8*c -